rs of 793532.
2, 283, 701
What are the prime factors of 1073048?
2, 113, 1187
List the prime factors of 19506080.
2, 5, 11, 11083
What are the prime factors of 1825530?
2, 3, 5, 7, 8693
List the prime factors of 1301691.
3, 269, 1613
List the prime factors of 1914092.
2, 478523
List the prime factors of 532934.
2, 79, 3373
List the prime factors of 201439.
7, 4111
List the prime factors of 195810.
2, 3, 5, 61, 107
What are the prime factors of 2710879?
37, 41, 1787
List the prime factors of 3830968.
2, 478871
List the prime factors of 2606656.
2, 13, 241
What are the prime factors of 1329081?
3, 13, 53, 643
What are the prime factors of 1943876?
2, 11, 44179
What are the prime factors of 2607898?
2, 1093, 1193
What are the prime factors of 8759834?
2, 4379917
List the prime factors of 23318246.
2, 7, 71, 23459
What are the prime factors of 2989615?
5, 597923
List the prime factors of 5922846.
2, 3, 47, 7001
What are the prime factors of 227959?
257, 887
List the prime factors of 10147895.
5, 17, 277, 431
List the prime factors of 186652.
2, 46663
List the prime factors of 323889.
3, 107, 1009
What are the prime factors of 3269871?
3, 11, 33029
What are the prime factors of 769641?
3, 17, 15091
What are the prime factors of 5525610?
2, 3, 5, 184187
List the prime factors of 190953.
3, 7, 433
List the prime factors of 136103.
11, 12373
List the prime factors of 31906763.
7, 4558109
What are the prime factors of 32392573?
103, 314491
What are the prime factors of 7019563?
7019563
List the prime factors of 63463.
63463
What are the prime factors of 11328928?
2, 13, 113, 241
What are the prime factors of 2523107?
2523107
List the prime factors of 12798890.
2, 5, 13, 98453
List the prime factors of 35949.
3, 23, 521
List the prime factors of 2112267.
3, 17, 83, 499
What are the prime factors of 1058305?
5, 211661
What are the prime factors of 4189860?
2, 3, 5, 7759
List the prime factors of 306311.
31, 41, 241
List the prime factors of 14710614.
2, 3, 2451769
What are the prime factors of 226774?
2, 71, 1597
What are the prime factors of 4576137?
3, 743, 2053
List the prime factors of 12597102.
2, 3, 7, 17, 5881
List the prime factors of 1846747.
7, 263821
What are the prime factors of 19592007?
3, 17, 384157
What are the prime factors of 262401?
3, 47, 1861
List the prime factors of 3471841.
3471841
List the prime factors of 507132.
2, 3, 14087
What are the prime factors of 4712566?
2, 59, 39937
What are the prime factors of 621025?
5, 24841
What are the prime factors of 295703?
295703
What are the prime factors of 3237480?
2, 3, 5, 17, 23
What are the prime factors of 6531560?
2, 5, 7, 23327
What are the prime factors of 925374?
2, 3, 154229
List the prime factors of 6964739.
31, 224669
List the prime factors of 98708.
2, 24677
List the prime factors of 2566411.
2566411
What are the prime factors of 608144?
2, 191, 199
List the prime factors of 15275833.
15275833
List the prime factors of 249913.
83, 3011
List the prime factors of 463866.
2, 3, 13, 19, 313
List the prime factors of 188180.
2, 5, 97
What are the prime factors of 1975907?
23, 85909
What are the prime factors of 29304551?
29304551
List the prime factors of 154852.
2, 38713
List the prime factors of 18543603.
3, 13, 41, 11597
What are the prime factors of 902910?
2, 3, 5, 30097
List the prime factors of 1201177.
41, 29297
List the prime factors of 2893907.
797, 3631
List the prime factors of 640545.
3, 5, 42703
List the prime factors of 3787703.
41, 92383
What are the prime factors of 579322?
2, 47, 6163
What are the prime factors of 3125762?
2, 61, 25621
What are the prime factors of 7706626?
2, 3853313
What are the prime factors of 13686432?
2, 3, 142567
What are the prime factors of 107643?
3, 53, 677
List the prime factors of 3294478.
2, 11, 149749
What are the prime factors of 1961757?
3, 7, 31139
List the prime factors of 15850978.
2, 11, 13, 19, 2917
List the prime factors of 5798853.
3, 17, 151, 251
List the prime factors of 5462040.
2, 3, 5, 23, 1979
What are the prime factors of 485958?
2, 3, 11, 37, 199
List the prime factors of 431905.
5, 86381
List the prime factors of 4907630.
2, 5, 7, 13, 5393
List the prime factors of 9266008.
2, 1158251
List the prime factors of 5016494.
2, 7, 19, 18859
List the prime factors of 592648.
2, 7, 19, 557
List the prime factors of 2163238.
2, 7, 11, 1277
List the prime factors of 5336557.
31, 172147
What are the prime factors of 3240092?
2, 810023
List the prime factors of 257675.
5, 11, 937
What are the prime factors of 1878390?
2, 3, 5, 773
List the prime factors of 307785.
3, 5, 17, 71
List the prime factors of 1327938.
2, 3, 17, 47, 277
List the prime factors of 10979754.
2, 3, 1829959
List the prime factors of 743445.
3, 5, 5507
What are the prime factors of 21765381?
3, 11, 157, 4201
What are the prime factors of 11429014?
2, 5714507
List the prime factors of 3925488.
2, 3, 7, 1669
What are the prime factors of 43927?
13, 31, 109
List the prime factors of 1041912.
2, 3, 29, 499
List the prime factors of 121283.
121283
List the prime factors of 528791.
528791
List the prime factors of 846898.
2, 13, 32573
List the prime factors of 4605496.
2, 7, 82241
List the prime factors of 30550.
2, 5, 13, 47
What are the prime factors of 383267?
383267
List the prime factors of 159766.
2, 17, 37, 127
What are the prime factors of 1863240?
2, 3, 5, 15527
What are the prime factors of 8828785?
5, 7, 193, 1307
List the prime factors of 687679.
687679
List the prime factors of 302258.
2, 11, 1249
List the prime factors of 1902022.
2, 37, 25703
What are the prime factors of 144863?
31, 4673
List the prime factors of 160206.
2, 3, 26701
List the prime factors of 4820585.
5, 7, 11, 19, 659
What are the prime factors of 90057?
3, 11, 2729
List the prime factors of 2881221.
3, 7, 137201
What are the prime factors of 6286614?
2, 3, 31, 73, 463
List the prime factors of 417531.
3, 139177
What are the prime factors of 744271?
11, 6151
What are the prime factors of 7661251?
13, 589327
List the prime factors of 20547760.
2, 5, 419, 613
What are the prime factors of 697500?
2, 3, 5, 31
What are the prime factors of 9188616?
2, 3, 97, 3947
List the prime factors of 451574.
2, 41, 5507
What are the prime factors of 339528?
2, 3, 7, 43, 47
List the prime factors of 4763708.
2, 31, 41, 937
What are the prime factors of 1865112?
2, 3, 77713
What are the prime factors of 19960511?
19960511
List the prime factors of 15464884.
2, 179, 21599
List the prime factors of 3039861.
3, 11, 251, 367
List the prime factors of 481112.
2, 60139
List the prime factors of 223394.
2, 111697
What are the prime factors of 346155?
3, 5, 47, 491
List the prime factors of 3292900.
2, 5, 13, 17, 149
List the prime factors of 287362.
2, 23, 6247
List the prime factors of 9615.
3, 5, 641
What are the prime factors of 5988503?
1301, 4603
What are the prime factors of 566176?
2, 13, 1361
What are the prime factors of 1549274?
2, 433, 1789
List the prime factors of 20002145.
5, 409, 9781
What are the prime factors of 1762342?
2, 881171
List the prime factors of 113782.
2, 56891
What are the prime factors of 1731460?
2, 5, 86573
What are the prime factors of 6419466?
2, 3, 53, 2243
List the prime factors of 6490983.
3, 29, 74609
List the prime factors of 9378698.
2, 7, 95701
What are the prime factors of 87492?
2, 3, 23, 317
List the prime factors of 2756227.
17, 197, 823
What are the prime factors of 188342?
2, 7, 11, 1223
What are the prime factors of 4628907?
3, 43, 443
List the prime factors of 254344.
2, 31793
What are the prime factors of 280143?
3, 17, 1831
List the prime factors of 110830.
2, 5, 11083
List the prime factors of 1012241.
1012241
List the prime factors of 5750708.
2, 139, 10343
What are the prime factors of 31648189?
31648189
List the prime factors of 323225.
5, 7, 1847
List the prime factors of 362799.
3, 1493
What are the prime factors of 1402556?
2, 29, 107, 113
List the prime factors of 767663.
13, 59051
List the prime factors of 12437842.
2, 41, 151681
What are the prime factors of 977091?
3, 325697
List the prime factors of 34966615.
5, 6993323
List the prime factors of 27743540.
2, 5, 11, 126107
List the prime factors of 543545.
5, 108709
What are the prime fact